a) = a**3 + 18*a**2 - 3*a - 28. Let o be m(s). What is the highest common factor of 26 and o?
26
Let q be (72/32)/(4 - (-47)/(-12)). Calculate the greatest common factor of 747 and q.
9
Suppose 4*b = -2*j + 16, 3*b = j + 2*j - 6. Let p be 0 + 37/((-4)/j). Let u = 59 - p. Calculate the greatest common divisor of 12 and u.
12
Let f(c) be the third derivative of c**4/6 + c**3/3 + 5*c**2. Let t be f(4). What is the greatest common factor of 2 and t?
2
Let p(o) = -o**2 - 47*o + 226. Let x be p(-22). What is the greatest common factor of x and 8?
8
Let a(g) = 16*g**2 + g - 1. Let w be a(1). Let c be -4 - (4 - 7*15). Let q = -57 + c. Calculate the highest common divisor of q and w.
8
Suppose -4*f = -12 + 4. Suppose 18*j - 40 = 14*j. Calculate the greatest common divisor of j and f.
2
Let h = -984 + 1220. What is the greatest common divisor of 59 and h?
59
Suppose -4*m - 3 = -39. Let j(u) = -50*u - 129. Let a be j(-6). What is the greatest common divisor of m and a?
9
Let t = 9 - 6. Suppose -k + t = -0*k. Suppose -k*d + 30 = 2*d. Calculate the highest common divisor of 24 and d.
6
Let u = -973 + 998. Calculate the greatest common factor of 65 and u.
5
Let k(i) = i**3 + 6*i**2 - 2*i - 5. Let h be k(-6). Let t = 404 - 397. Calculate the greatest common factor of t and h.
7
Let g = -385 - -418. Calculate the greatest common factor of g and 88.
11
Suppose 5*f + 9 + 21 = 0. Suppose -3*h - 156 = -c, 2*h + 4*c = 6*h + 208. Let t be h/f*(-3)/(-2). Calculate the greatest common divisor of 65 and t.
13
Let w be (-57)/(-2)*(1 - (0 - 5)). Calculate the greatest common divisor of w and 18.
9
Let k = 2 - 2. Suppose -z + 472 = -4*z + 4*o, 5*z + 5*o + 810 = k. Let l = 276 + z. What is the highest common divisor of 29 and l?
29
Let c be (((-45)/(-6))/3)/(9/18). Suppose -2*l - l = 2*j - 77, 5*j = l + 167. Suppose n - j - 1 = 0. What is the highest common divisor of n and c?
5
Suppose -372 - 180 = -46*a. Calculate the greatest common factor of 486 and a.
6
Suppose 140 = -71*z + 76*z. Calculate the highest common factor of 12 and z.
4
Suppose -2*q = -3*q + 11. Suppose 6*j = q*j - 60. What is the greatest common factor of 4 and j?
4
Let n(h) = 2*h**2 - 2*h - 6. Let b be n(-5). Calculate the highest common divisor of 126 and b.
18
Let p = -12 - -16. Suppose p*q - 7*q + 84 = 0. Let f(c) = -c**3 + 4*c**2 + 6*c + 2. Let h be f(5). What is the highest common divisor of q and h?
7
Let c(y) = 19*y + 6 - 27*y - 25 + 11*y. Suppose x = -p - 3*x + 33, -5*p - x = -89. Let n be c(p). What is the highest common factor of n and 4?
4
Suppose -x + 4*n = -115, -182 = -2*x + 19*n - 23*n. What is the highest common factor of x and 9?
9
Let z(q) = 2*q**2 + q + 4. Let s(p) = 3*p**2 + 2*p + 3. Let h(n) = -3*s(n) + 4*z(n). Let r be h(0). Calculate the highest common divisor of r and 14.
7
Suppose q - 12 = -3*q, 2*q + 2 = -4*x. Let i be (-8)/(-1) + 6/x. Suppose -i*b = 2*v - 6, 4*v + 2 = -6. What is the highest common divisor of 1 and b?
1
Let l be ((-1)/(-3))/(3/45). Let t(y) = -15*y + 10. Suppose 7*j - 12 = -33. Let k be t(j). What is the highest common divisor of l and k?
5
Let r be (40/(-60))/(1/(-273)). Calculate the highest common factor of 39 and r.
13
Suppose a = 4*l - 563, -3*a = 4*l - 2*l - 271. Suppose -5*u + l = j, 46 = u + 3*j + 4. Calculate the highest common divisor of 3 and u.
3
Let x(o) = 100 - 8*o + 0*o**2 - 86 + 5*o - o**2. Let b be x(0). Suppose -165 = -a - h - 6, 2*a - 3*h = 293. Calculate the greatest common divisor of a and b.
14
Let h = -4 + 7. Let g be h/(-6)*-1*60. Suppose 0 = -5*u - 4*p + 359, u - p = -5*p + 59. What is the highest common factor of u and g?
15
Suppose f - 8 = -5. Suppose 5*x = 20, -3*g - g + f*x = 44. Let m = g + 22. What is the greatest common factor of m and 42?
14
Suppose 0 = -1581*o + 1580*o + 1510. Calculate the greatest common factor of 10 and o.
10
Let f = 48 + -115. Let i(t) = -t**3 + t**2 + 19*t - 6. Let q be i(-4). Let s = q - f. Calculate the greatest common divisor of 26 and s.
13
Suppose -5*f + 1 + 24 = 0. Let u(o) be the third derivative of 41*o**4/24 - o**3/6 - 2*o**2. Let m be u(1). What is the highest common divisor of m and f?
5
Suppose 22*p - 15 = 17*p. Suppose -p*c - 102 = -597. Suppose 7*d - 10*d = -c. What is the greatest common divisor of 11 and d?
11
Let d = 4 - -117. Suppose -2*y + d = -55. Calculate the highest common divisor of 11 and y.
11
Let v = -174 - -243. Let i = v - -129. Calculate the highest common divisor of 18 and i.
18
Let i(d) = -d**2 + 3*d + 6. Let o be i(-3). Let w = 14 + o. Calculate the highest common divisor of 8 and w.
2
Let w = -311 + 753. What is the highest common factor of w and 26?
26
Let x(t) = -5*t + 1. Let y be x(-1). Suppose 4*l + 4 = -i + 3, 0 = i + 5*l + y. Let r be (-3)/(6/(-152)) + 0. Calculate the greatest common factor of r and i.
19
Suppose -y = 4*h - 20, 30 - 80 = -2*y + 2*h. Suppose 59 = 6*i + 11. Calculate the highest common divisor of y and i.
8
Let r be 203*(-48)/(-84) - (-12)/(-2). Let p(b) = -5*b + 2. Let o be p(-4). Calculate the greatest common divisor of o and r.
22
Let c be (-1 - -3) + 100 + -10. What is the greatest common factor of 46 and c?
46
Suppose 0 = 5*l - 15, -q - 12*l + 13*l = -1099. Calculate the highest common divisor of q and 114.
38
Let c = -61 + 65. Suppose -3*m - 296 = -c*m + 4*j, 2*j - 4 = 0. What is the highest common divisor of m and 38?
38
Let c be (-2 - -1)*(0 - 3). Let k be (-56)/1*c/(-3)*1. What is the highest common factor of 8 and k?
8
Let c(o) = -5*o - 2. Let g be c(-1). Suppose 3*h + 49 = b, -g*b + 0*h - h = -97. What is the greatest common divisor of 51 and b?
17
Suppose -30*i + 1483 = 433. What is the highest common factor of i and 385?
35
Suppose -2*m + 0*m + 594 = 2*i, -4*i = 3*m - 1191. Suppose 6*g = 135 + 45. What is the greatest common divisor of g and i?
30
Let y be -1 - (-1)/(-1) - 2*-2. Let f(o) = 5*o. Let i be f(y). What is the greatest common divisor of i and 110?
10
Let p(y) = y**2 - 14*y - 54. Let c be p(-4). Calculate the greatest common divisor of c and 27.
9
Let t(y) = y**3 - 6*y**2 + 6*y - 5. Let u be t(4). Let d = 5 + u. Let g be 22/2 - d/(-8). Calculate the highest common factor of 25 and g.
5
Let o = 41 - 30. Suppose -o = -5*v + 789. Calculate the greatest common divisor of 64 and v.
32
Let i = 21 + -9. Suppose -5*o = 1 - 16. Suppose -2*f + a + 21 = 0, 63 = 2*f + o*f + a. What is the highest common divisor of i and f?
12
Let r be 9/((-36)/(-56)) - (-1 + 0). Suppose 0 - r = -3*y. What is the greatest common factor of y and 1?
1
Let i(n) = 16*n**3 + 2*n - 2. Suppose 0 = -0*t + 2*t - 4. Let b be (0 + (-4)/(-8))*t. Let g be i(b). What is the greatest common divisor of 4 and g?
4
Let m be (0 - 80/(-12))/((-4)/(-6)). What is the greatest common divisor of m and 410?
10
Suppose 0*w = -3*w + 21. Let o(g) be the first derivative of 4*g**2 - 16*g - 40. Let d be o(w). What is the greatest common factor of d and 5?
5
Let b(y) = y**3 - 75*y**2 - 77*y + 391. Let f be b(76). Calculate the highest common factor of 140 and f.
35
Let m(g) = 8*g - 61. Let p be m(9). Let i be (14/(-2) - -2) + 0. Let z = p + i. Calculate the highest common factor of 42 and z.
6
Let x(g) = g**3 - 22*g**2 + 30*g - 24. Let o = 47 + -26. Let s be x(o). Suppose 2*i - 22 - 8 = 0. What is the highest common factor of s and i?
15
Suppose 2*x - 18*g - 52 = -13*g, -64 = -2*x + 2*g. What is the highest common divisor of 180 and x?
36
Let v be 29 - (-2 + -3*(-1 - -2)). Calculate the highest common divisor of v and 391.
17
Let q(i) = -i**3 - i**2 - i + 36. Let v be q(0). Let t = 10 - 5. Suppose -16 = o - t*r, -3*r + r = -2*o. Calculate the highest common factor of v and o.
4
Suppose 3*q = -5*n + 87, 59 = 5*n - q - 12. Let u be (-2)/(-7) - 33/(-7). Suppose 3*c + 60 = u*c. What is the highest common factor of c and n?
15
Suppose -4*s + 280 = -152. Suppose -4*n - 82 = -3*r + 152, -5*r + 385 = -5*n. Let d = r - 47. What is the highest common divisor of s and d?
27
Suppose 0 = 6*m - 3*m - 168. What is the greatest common factor of 35 and m?
7
Let j be -216*-1*2/4*1. Calculate the highest common factor of 36 and j.
36
Suppose -24*h + 5*h + 1064 = 0. Calculate the highest common divisor of h and 98.
14
Suppose 17*z - 3*z - 3626 = 0. What is the highest common factor of z and 111?
37
Supp